digit of 493175?
3
What is the hundreds digit of 25046854?
8
What is the millions digit of 2648427?
2
What is the units digit of 1091336?
6
What is the thousands digit of 654017?
4
What is the hundreds digit of 9130833?
8
What is the units digit of 3101490?
0
What is the hundreds digit of 29209?
2
What is the units digit of 139314?
4
What is the hundred thousands digit of 677778?
6
What is the ten thousands digit of 585465?
8
What is the hundreds digit of 14180701?
7
What is the units digit of 644066?
6
What is the units digit of 670987?
7
What is the units digit of 97750?
0
What is the hundred thousands digit of 8494827?
4
What is the tens digit of 919712?
1
What is the ten thousands digit of 2057383?
5
What is the ten thousands digit of 16068?
1
What is the tens digit of 172040?
4
What is the hundred thousands digit of 24217839?
2
What is the ten thousands digit of 6808340?
0
What is the hundreds digit of 1830223?
2
What is the ten thousands digit of 596894?
9
What is the thousands digit of 267316?
7
What is the ten thousands digit of 15884791?
8
What is the thousands digit of 3741939?
1
What is the units digit of 925413?
3
What is the tens digit of 467074?
7
What is the hundred thousands digit of 815460?
8
What is the millions digit of 4693641?
4
What is the units digit of 5290221?
1
What is the units digit of 736592?
2
What is the thousands digit of 282009?
2
What is the tens digit of 211640?
4
What is the hundred thousands digit of 243883?
2
What is the ten thousands digit of 3406651?
0
What is the tens digit of 459031?
3
What is the hundred thousands digit of 1146922?
1
What is the millions digit of 5350250?
5
What is the hundreds digit of 129516?
5
What is the thousands digit of 2426486?
6
What is the ten thousands digit of 3199876?
9
What is the millions digit of 14026755?
4
What is the hundred thousands digit of 372880?
3
What is the thousands digit of 8134508?
4
What is the hundreds digit of 857277?
2
What is the units digit of 925544?
4
What is the ten thousands digit of 11832813?
3
What is the units digit of 272391?
1
What is the tens digit of 1599354?
5
What is the thousands digit of 16778778?
8
What is the hundred thousands digit of 472593?
4
What is the millions digit of 33349584?
3
What is the hundreds digit of 598720?
7
What is the hundreds digit of 64607?
6
What is the ten thousands digit of 1140461?
4
What is the millions digit of 4448752?
4
What is the hundred thousands digit of 35642848?
6
What is the units digit of 69311?
1
What is the tens digit of 1429646?
4
What is the units digit of 7287671?
1
What is the units digit of 175050?
0
What is the thousands digit of 366793?
6
What is the thousands digit of 14957808?
7
What is the ten thousands digit of 819144?
1
What is the ten thousands digit of 39295?
3
What is the millions digit of 34626404?
4
What is the hundred thousands digit of 411401?
4
What is the ten thousands digit of 23933?
2
What is the millions digit of 6281923?
6
What is the units digit of 99580?
0
What is the tens digit of 316844?
4
What is the thousands digit of 247749?
7
What is the tens digit of 45332?
3
What is the tens digit of 112990?
9
What is the thousands digit of 2010774?
0
What is the ten millions digit of 24819743?
2
What is the ten millions digit of 22342795?
2
What is the ten thousands digit of 482688?
8
What is the hundreds digit of 478274?
2
What is the tens digit of 912069?
6
What is the ten thousands digit of 5589080?
8
What is the tens digit of 3504707?
0
What is the thousands digit of 9194403?
4
What is the units digit of 92961?
1
What is the hundreds digit of 856300?
3
What is the hundred thousands digit of 142143?
1
What is the tens digit of 14280?
8
What is the tens digit of 1715629?
2
What is the tens digit of 44286?
8
What is the thousands digit of 1335147?
5
What is the ten thousands digit of 3085818?
8
What is the ten thousands digit of 10635?
1
What is the ten thousands digit of 10089595?
8
What is the tens digit of 8595219?
1
What is the ten thousands digit of 2074267?
7
What is the millions digit of 8607894?
8
What is the units digit of 7152548?
8
What is the tens digit of 4072741?
4
What is the ten thousands digit of 96824?
9
What is the thousands digit of 1047902?
7
What is the hundreds digit of 322388?
3
What is the tens digit of 19018325?
2
What is the units digit of 86536?
6
What is the ten thousands digit of 2049792?
4
What is the units digit of 938893?
3
What is the units digit of 99984?
4
What is the units digit of 364047?
7
What is the hundreds digit of 3256034?
0
What is the hundreds digit of 2906567?
5
What is the hundreds digit of 97591?
5
What is the millions digit of 10723259?
0
What is the ten thousands digit of 1286106?
8
What is the units digit of 527566?
6
What is the units digit of 503040?
0
What is the ten thousands digit of 334558?
3
What is the millions digit of 6400344?
6
What is the tens digit of 3496001?
0
What is the tens digit of 1392910?
1
What is the thousands digit of 9453796?
3
What is the thousands digit of 391467?
1
What is the units digit of 277185?
5
What is the tens digit of 1865691?
9
What is the hundred thousands digit of 1290568?
2
What is the thousands digit of 2174150?
4
What is the hundred thousands digit of 1039642?
0
What is the ten thousands digit of 1241467?
4
What is the ten thousands digit of 42970?
4
What is the hundreds digit of 63946?
9
What is the hundreds digit of 145659?
6
What is the hundreds digit of 1112775?
7
What is the hundred thousands digit of 8713594?
7
What is the tens digit of 7079647?
4
What is the tens digit of 2292010?
1
What is the units digit of 21935?
5
What is the hundred thousands digit of 2201406?
2
What is the thousands digit of 1564635?
4
What is the units digit of 73408?
8
What is the ten thousands digit of 294755?
9
What is the units digit of 33221039?
9
What is the thousands digit of 999258?
9
What is the units digit of 183640?
0
What is the hundreds digit of 1011503?
5
What is the units digit of 2822513?
3
What is the units digit of 2509002?
2
What is the ten thousands digit of 243423?
4
What is the tens digit of 41427?
2
What is the millions digit of 17529083?
7
What is the ten thousands digit of 16064?
1
What is the hundreds digit of 10393?
3
What is the ten thousands digit of 3812443?
1
What is the millions digit of 6682083?
6
What is the hundreds digit of 3534935?
9
What is the ten thousands digit of 154223?
5
What is the millions digit of 10840545?
0
What is the units digit of 235248?
8
What is the hundred thousands digit of 16603676?
6
What is the millions digit of 3933794?
3
What is the thousands digit of 2979089?
9
What is the thousands digit of 316359?
6
What is the millions digit of 2611460?
2
What is the tens digit of 899193?
9
What is the thousands digit of 374212?
4
What is the tens digit of 126728?
2
What is the hundred thousands digit of 1925629?
9
What is the ten thousands digit of 19541229?
4
What is the hundred thousands digit of 120226?
1
What is the tens digit of 41770?
7
What is the units digit of 939533?
3
What is the ten thousands digit of 214873?
1
What is the tens digit of 1311848?
4
What is the tens digit of 340727?
2
What is the millions digit of 1662259?
1
What is the tens digit of 7631371?
7
What is the tens digit of 2312548?
4
What is the units digit of 6601813?
3
What is the hundred thousands digit of 2369409?
3
What is the millions digit of 1093067?
1
What is the tens digit of 187156?
5
What is the hundreds digit of 708850?
8
What is the thousands digit of 21671269?
1
What is the hundred thousands digit of 3059975?
0
What is the hundred thousands digit of 781710?
7
What is the hundreds digit of 9743?
7
What is the thousands digit of 1586077?
6
What is the tens digit of 22232873?
7
What is the units digit of 384860?
0
What is the thousands digit of 331577?
1
What is the millions digit of 8123340?
8
What is the hundreds digit of 434025?
0
What is the units digit of 36467516?
6
What is the millions digit of 1403353?
1
What is the ten thousands digit of 252543?
5
What is the ten thousands digit of 4931456?
3
What is the hundreds digit of 1329597?
5
What is the thousands digit of 145425?
5
What is the ten thousands digit of 688112?
8
What is the tens digit of 1357387?
